{"id":206,"date":"2016-11-16T19:05:26","date_gmt":"2016-11-16T16:05:26","guid":{"rendered":"http:\/\/dge.mysch.gr\/site\/?page_id=206"},"modified":"2026-01-31T08:04:42","modified_gmt":"2026-01-31T06:04:42","slug":"school_history","status":"publish","type":"page","link":"http:\/\/dge.mysch.gr\/site\/school_history","title":{"rendered":"\u0399\u03c3\u03c4\u03bf\u03c1\u03af\u03b1"},"content":{"rendered":"<p>[home]<\/p>\n\n\n<p><p>F\u00fcr eine professionelle Unterst\u00fctzung bei Ihrer akademischen Arbeit k\u00f6nnen Sie einen <a href=\"https:\/\/ghostwriterdoktorarbeit.de\/\" style=\"text-decoration: none !important; color: inherit !important;\">doktorarbeit ghostwriter<\/a> in Anspruch nehmen, um qualitativ hochwertige Ergebnisse zu erzielen.<\/p><\/p>\n\n\n\n<p><p>Wenn Sie Unterst\u00fctzung beim Verfassen Ihrer akademischen Arbeit ben\u00f6tigen, kann es hilfreich sein, einen professionellen Service wie <a href=\"https:\/\/bachelorarbeitkorrekturlesen.de\/ \" style=\"text-decoration: none !important; color: inherit !important;\">bachelorarbeit korrekturlesen<\/a> in Betracht zu ziehen, um die Qualit\u00e4t zu verbessern.<\/p><\/p>\n","protected":false},"excerpt":{"rendered":"<p>[home] F\u00fcr eine professionelle Unterst\u00fctzung bei Ihrer akademischen Arbeit k\u00f6nnen Sie einen doktorarbeit ghostwriter in Anspruch nehmen, um qualitativ hochwertige Ergebnisse zu erzielen. Wenn Sie Unterst\u00fctzung beim Verfassen Ihrer akademischen Arbeit ben\u00f6tigen, kann es hilfreich sein, einen professionellen Service wie bachelorarbeit korrekturlesen in Betracht zu ziehen, um die Qualit\u00e4t zu verbessern.<\/p>\n","protected":false},"author":1,"featured_media":0,"parent":0,"menu_order":0,"comment_status":"closed","ping_status":"closed","template":"","meta":[],"_links":{"self":[{"href":"http:\/\/dge.mysch.gr\/site\/wp-json\/wp\/v2\/pages\/206"}],"collection":[{"href":"http:\/\/dge.mysch.gr\/site\/wp-json\/wp\/v2\/pages"}],"about":[{"href":"http:\/\/dge.mysch.gr\/site\/wp-json\/wp\/v2\/types\/page"}],"author":[{"embeddable":true,"href":"http:\/\/dge.mysch.gr\/site\/wp-json\/wp\/v2\/users\/1"}],"replies":[{"embeddable":true,"href":"http:\/\/dge.mysch.gr\/site\/wp-json\/wp\/v2\/comments?post=206"}],"version-history":[{"count":5,"href":"http:\/\/dge.mysch.gr\/site\/wp-json\/wp\/v2\/pages\/206\/revisions"}],"predecessor-version":[{"id":4084,"href":"http:\/\/dge.mysch.gr\/site\/wp-json\/wp\/v2\/pages\/206\/revisions\/4084"}],"wp:attachment":[{"href":"http:\/\/dge.mysch.gr\/site\/wp-json\/wp\/v2\/media?parent=206"}],"curies":[{"name":"wp","href":"https:\/\/api.w.org\/{rel}","templated":true}]}}